ivided by 132900482.
0
Calculate the remainder when 9863193 is divided by 2048.
25
Calculate the remainder when 4444178 is divided by 488.
450
What is the remainder when 15574612 is divided by 1946820?
52
What is the remainder when 18964 is divided by 1576?
52
Calculate the remainder when 77311 is divided by 7648.
831
What is the remainder when 175738 is divided by 1202?
246
Calculate the remainder when 114857317 is divided by 1184096.
5
Calculate the remainder when 1134726 is divided by 995.
426
Calculate the remainder when 600999208 is divided by 2646.
2644
What is the remainder when 1648351 is divided by 824122?
107
What is the remainder when 68491 is divided by 11759?
9696
What is the remainder when 37441 is divided by 12458?
67
Calculate the remainder when 45969020 is divided by 71.
70
Calculate the remainder when 54793093 is divided by 961282.
19
Calculate the remainder when 406639 is divided by 29.
1
Calculate the remainder when 52165 is divided by 63.
1
Calculate the remainder when 99231408 is divided by 17.
11
What is the remainder when 145820 is divided by 162?
20
What is the remainder when 16468 is divided by 263?
162
Calculate the remainder when 4644845 is divided by 166.
165
Calculate the remainder when 1003624 is divided by 9647.
336
Calculate the remainder when 5100851 is divided by 418.
415
What is the remainder when 5216366 is divided by 1043266?
36
What is the remainder when 27779 is divided by 13871?
37
What is the remainder when 5015102 is divided by 965?
962
What is the remainder when 915098 is divided by 35181?
392
What is the remainder when 44415 is divided by 21901?
613
What is the remainder when 77443 is divided by 18119?
4967
Calculate the remainder when 64840719 is divided by 3920.
3919
What is the remainder when 62811 is divided by 10391?
465
What is the remainder when 1488083 is divided by 2198?
37
What is the remainder when 4046718 is divided by 49?
4
Calculate the remainder when 376402 is divided by 67.
63
What is the remainder when 3930555 is divided by 436726?
21
Calculate the remainder when 19836 is divided by 3274.
192
What is the remainder when 5536798 is divided by 1274?
1268
What is the remainder when 44473 is divided by 71?
27
What is the remainder when 48924812 is divided by 8721?
2
Calculate the remainder when 63362528 is divided by 22.
20
Calculate the remainder when 346167382 is divided by 228.
226
Calculate the remainder when 165963 is divided by 40111.
5519
What is the remainder when 795946774 is divided by 82?
80
Calculate the remainder when 294197 is divided by 186.
131
Calculate the remainder when 55911788 is divided by 1238.
1232
What is the remainder when 164054086 is divided by 792?
790
Calculate the remainder when 4152739 is divided by 12.
7
What is the remainder when 81489 is divided by 81078?
411
Calculate the remainder when 325333 is divided by 316978.
8355
What is the remainder when 40437 is divided by 3675?
12
What is the remainder when 27234788 is divided by 1928?
1788
What is the remainder when 3828671 is divided by 28?
7
Calculate the remainder when 9883652 is divided by 21.
2
Calculate the remainder when 283641 is divided by 4837.
3095
Calculate the remainder when 95214454 is divided by 1337.
1336
What is the remainder when 512686 is divided by 6404?
366
Calculate the remainder when 2793176 is divided by 1415.
1381
Calculate the remainder when 591025 is divided by 2711.
27
Calculate the remainder when 10039481 is divided by 45.
26
What is the remainder when 107859106 is divided by 37?
36
Calculate the remainder when 177107 is divided by 524.
519
What is the remainder when 80188159 is divided by 246?
31
What is the remainder when 9823 is divided by 1149?
631
Calculate the remainder when 304569 is divided by 134.
121
What is the remainder when 5300606 is divided by 16?
14
Calculate the remainder when 43920251 is divided by 623.
620
What is the remainder when 475621 is divided by 192?
37
Calculate the remainder when 706675 is divided by 37185.
160
Calculate the remainder when 48302 is divided by 4398.
4322
What is the remainder when 38774505 is divided by 201?
198
Calculate the remainder when 528724 is divided by 276.
184
What is the remainder when 129426 is divided by 1219?
212
Calculate the remainder when 102725258 is divided by 614.
602
Calculate the remainder when 32309112 is divided by 4038637.
16
Calculate the remainder when 5132056 is divided by 1283013.
4
What is the remainder when 12780081 is divided by 79?
14
What is the remainder when 3789639 is divided by 421070?
9
What is the remainder when 39825163 is divided by 15?
13
What is the remainder when 73019953 is divided by 613?
6
Calculate the remainder when 524785 is divided by 21.
16
What is the remainder when 103408 is divided by 1360?
48
What is the remainder when 468802 is divided by 1745?
1142
What is the remainder when 45536884 is divided by 9?
7
What is the remainder when 261696416 is divided by 972?
968
Calculate the remainder when 178371 is divided by 473.
50
Calculate the remainder when 20313398 is divided by 66.
50
What is the remainder when 604349 is divided by 23?
1
What is the remainder when 24592 is divided by 532?
120
What is the remainder when 8045726 is divided by 486?
482
Calculate the remainder when 5715258 is divided by 8.
2
What is the remainder when 11356978 is divided by 30?
28
Calculate the remainder when 447693 is divided by 88378.
5803
What is the remainder when 92399 is divided by 3411?
302
Calculate the remainder when 45004304 is divided by 25100.
4
Calculate the remainder when 240149 is divided by 24012.
29
Calculate the remainder when 11030367 is divided by 264.
183
What is the remainder when 47112 is divided by 891?
780
Calculate the remainder when 129896 is divided by 22703.
16381
Calculate the remainder when 445082 is divided by 6954.
26
Calculate the remainder when 13140 is divided by 380.
220
Calculate the remainder when 1569910 is divided by 1569895.
15
What is the remainder when 238571 is divided by 10?
1
What is the remainder when 2745002 is divided by 117?
65
What is the remainder when 142214 is divided by 12811?
1293
Calculate the remainder when 55496183 is divided by 2195.
2193
What is the remainder when 549836 is divided by 741?
14
What is the remainder when 5006 is divided by 3048?
1958
Calculate the remainder when 1185284 is divided by 364.
100
Calculate the remainder when 85267 is divided by 14204.
43
What is the remainder when 30370618 is divided by 466?
0
Calculate the remainder when 6907026 is divided by 238167.
183
What is the remainder when 234803 is divided by 58038?
2651
Calculate the remainder when 11336029 is divided by 5667950.
129
What is the remainder when 4504765 is divided by 1153?
1147
What is the remainder when 133444 is divided by 1139?
181
What is the remainder when 4846501 is divided by 29?
21
Calculate the remainder when 1337359 is divided by 1800.
1759
What is the remainder when 18066 is divided by 4053?
1854
What is the remainder when 126272 is divided by 234?
146
Calculate the remainder when 7003179 is divided by 2334387.
18
What is the remainder when 875745 is divided by 149?
72
Calculate the remainder when 22293 is divided by 3637.
471
Calculate the remainder when 99079981 is divided by 29.
2
Calculate the remainder when 31604 is divided by 5577.
3719
What is the remainder when 44109431 is divided by 2217?
2216
What is the remainder when 2278759 is divided by 10?
9
What is the remainder when 245754330 is divided by 2773?
2751
What is the remainder when 12586618 is divided by 268?
266
Calculate the remainder when 266104 is divided by 682.
124
What is the remainder when 9431159 is divided by 410?
339
Calculate the remainder when 2661466 is divided by 10437.
31
Calculate the remainder when 16185 is divided by 4214.
3543
What is the remainder when 153379 is divided by 17041?
10
Calculate the remainder when 156874 is divided by 12827.
2950
Calculate the remainder when 5430429 is divided by 761.
694
Calculate the remainder when 211760 is divided by 9830.
5330
Calculate the remainder when 852809 is divided by 3304.
377
What is the remainder when 99086385 is divided by 1159?
1157
Calculate the remainder when 84450 is divided by 84438.
12
Calculate the remainde